*x + z = 78. What are the prime factors of x?
37
Suppose -2*w = 3*w - 470. Let u = 131 - w. List the prime factors of u.
37
What are the prime factors of 1 - (-1844)/22 - 46/(-253)?
5, 17
Let m = 10 + 11. Suppose -5*j = -2*n + 30, -j = 5*n - n - 16. Suppose -n = 4*f - m. What are the prime factors of f?
2
Let w = 79 - 38. What are the prime factors of w?
41
Suppose -a - 30 = 4*a. Let d be 10/3 - (-2)/a. Suppose 0*j - j = -d*c + 21, c - 2*j = 7. What are the prime factors of c?
7
Let c be (-24)/18*(-3)/2. Let a be 7/4 - 2/(-8). Suppose c*r = 3*d - 14, -6 = -4*r + a. List the prime factors of d.
2, 3
Let j = -37 - -9. Let b = -15 - j. List the prime factors of b.
13
Let j(v) = v**3 + 4*v**2 + 2*v - 1. Let t be j(-3). Suppose t + 3 = -c. Let k = 1 - c. List the prime factors of k.
2, 3
Let f = 96 - 43. What are the prime factors of f?
53
Let l(b) = 3*b**3 + 31*b**2 - 14*b + 7. What are the prime factors of l(-10)?
13, 19
Let t = 28 - -9. List the prime factors of t.
37
Suppose -2*y = -70 - 8. Suppose 2*h = 2*q - 2*h - 44, -y = -2*q - h. Let n = q + -14. What are the prime factors of n?
2, 3
Let d(b) = -19*b - 53. List the prime factors of d(-14).
3, 71
Suppose 51 = 5*r + 446. List the prime factors of r/(-9) - 2/(-9).
3
Let y(s) = 0*s + 2*s**3 - 3*s**3 + 5*s - 5*s**2 - 8. Let g be y(-6). What are the prime factors of (-1)/g + 33/6?
2, 3
Let z(h) = h**2 - 9*h - 6. Let t be z(9). Let r be t/8*4/1. List the prime factors of 8 + (6/r)/2.
7
Suppose 4*y + 6 = 2*r + 3*y, 2*r + 5*y = -18. Let u(f) = 21*f. What are the prime factors of u(r)?
3, 7
Suppose 3*m - 4*t = 417, 3*m + 2*t - 19 - 380 = 0. Suppose 5*u - 4*a - m = 0, u + 44 = 4*u + 5*a. What are the prime factors of u?
23
Let y = -293 - -758. Let q = -7 + 16. What are the prime factors of (-2)/q + y/27?
17
Let s(u) = 0*u + 0*u - 2*u - 4 - u**2. Let c be s(-5). Let i = c - -29. What are the prime factors of i?
2, 5
Suppose 13*o - 9*o = 140. List the prime factors of o.
5, 7
Suppose 12*u - 4*u = 208. What are the prime factors of u?
2, 13
Let w be ((-4)/6)/(2/24). Let z = w - -5. Let k = z + 8. List the prime factors of k.
5
Let n(k) be the third derivative of k**4/24 + 11*k**3/6 - k**2. Let h be n(-9). Suppose 24 = 2*s + h*s. What are the prime factors of s?
2, 3
Let w = -6 + 14. Suppose -3*g = 5*z - w, z = 5*g + 4*z - 24. What are the prime factors of g?
2, 3
Let i(u) = u**3 + 6*u + 5. Let m(s) = 3*s**3 + s**2 + 17*s + 14. Let b(o) = 11*i(o) - 4*m(o). What are the prime factors of b(-5)?
2, 17
Suppose -2*y = 8, 2*y + 138 = 3*x + 5*y. Let a = -21 + x. List the prime factors of a.
29
Let w(p) be the third derivative of p**4/2 + p**2. Let j be 4/(-22) + 39/33. What are the prime factors of w(j)?
2, 3
Let l be 6/21 - 248/(-14). List the prime factors of (l/(-4) - -1)*-4.
2, 7
Let g(j) be the second derivative of -j**3/3 - 2*j. Let s be g(1). Let y(u) = 3*u**2 + 3*u + 2. What are the prime factors of y(s)?
2
Suppose 0 = -3*m + 7 - 1. Let x(w) = -3*w - 1 - m + 0*w. List the prime factors of x(-2).
3
Let n(h) = -h - 1. Let w be n(-3). Suppose -p = 2*p - 3, 2*q + w*p - 10 = 0. List the prime factors of q.
2
Suppose 0 = 6*l - 2*l - 136. What are the prime factors of l?
2, 17
Let q(k) be the first derivative of k**4/4 + 7*k**3/3 + 4*k**2 + 4*k - 2. What are the prime factors of q(-5)?
2, 7
Suppose -8*q + 11*q - 2*n - 868 = 0, 4*n = -8. What are the prime factors of q?
2, 3
Suppose -2*y + 10 = 3*y. Suppose -4 = -k - y. List the prime factors of k.
2
Let a = 138 - 67. List the prime factors of a.
71
Suppose -4*t + 248 = -0*t. What are the prime factors of t?
2, 31
Let k be (2 + 0)/(-1 + 2). Suppose -k*y + 21 = -y. Suppose -3*s + y = -3. List the prime factors of s.
2
What are the prime factors of 318/9*(-5 - (-50)/4)?
5, 53
Suppose 7*c - 3*c = z + 26, -2*z + 14 = 3*c. List the prime factors of 7 - (c/3 + -4).
3
Let d(p) be the third derivative of -19*p**4/24 - p**3/6 - 11*p**2. What are the prime factors of d(-1)?
2, 3
Suppose -16 = -4*f, -v = -2*f - 0*f + 3. Let l(x) = x - 3. Let p be l(3). Suppose v*i - 4*u + 19 - 56 = p, -5*i - u = -22. List the prime factors of i.
5
Suppose -20 = 3*i + s - 7, -3*s = -i - 1. Let f = 2 - 4. Let y = f - i. What are the prime factors of y?
2
Suppose 5881 = 19*c + 1264. What are the prime factors of c?
3
Suppose -3*x + 0*x - 210 = 0. List the prime factors of x/(-5)*1/1.
2, 7
Let q(l) be the third derivative of 31*l**5/60 - l**4/24 + l**3/6 - l**2. List the prime factors of q(1).
31
Let q(s) = -s + 2. Let m be q(10). List the prime factors of ((-3)/1)/(2/m).
2, 3
Suppose 2*g = 1 + 7. Suppose -24 = -g*i + 12. What are the prime factors of i?
3
Let w be ((-4)/(-3))/((-1)/(-15)). What are the prime factors of ((-12)/(-15))/(2/w)?
2
Let o be 2/10 + (-202)/10. Let q = o - -55. What are the prime factors of 2/(-6)*(2 - q)?
11
Let z = 18 - 16. What are the prime factors of (99/6 - -2)*z?
37
Let x(y) be the third derivative of -5/24*y**4 + 1/120*y**6 - 2*y**2 + 0 + 5/6*y**3 + 0*y - 1/10*y**5. What are the prime factors of x(7)?
19
Suppose 4*n + r = -58 + 245, 3*n = -r + 141. Suppose 2*k + n = s + 3*k, -3*k - 108 = -3*s. List the prime factors of s.
41
Suppose 0*l - l + 6 = 0. Suppose 2*n = l*n - 68. List the prime factors of n.
17
Let v(s) be the first derivative of s**7/840 - s**6/120 + s**5/30 + s**3 - 1. Let i(z) be the third derivative of v(z). List the prime factors of i(3).
2, 3
Suppose 0 = 3*t - c + 4, 0*t + 5*t = 3*c - 4. Let k = 4 - t. Let d = 3 + k. What are the prime factors of d?
3
Suppose -3*t - 3 = 0, -b + 345 = 2*t + 98. List the prime factors of b.
3, 83
Suppose -3 - 3 = -2*p. Suppose -p*l + 0*s = 2*s - 10, -5*s = -5*l. List the prime factors of l.
2
Suppose -4*t + 11 = -9. Suppose 5*f - 47 = -t*w + 63, w = 4*f + 12. What are the prime factors of w?
2, 5
Let d = 212 - 143. Suppose 4*l + v - 63 = 0, -4*l + 6*v - v + d = 0. List the prime factors of l.
2
Let g be (2/(-4)*2)/1. Let r be g/1 + 2 - -13. Suppose c - r = 8. What are the prime factors of c?
2, 11
Let b(l) = 10*l**3 + 2*l**2 + 2*l. What are the prime factors of b(2)?
2, 23
Suppose -2*t - 3*t = 30. Let d be (8/10)/(t/(-15)). Suppose 3*y = -d*y + 30. List the prime factors of y.
2, 3
Let p = -12 - -45. What are the prime factors of p?
3, 11
Let x(f) = f**3 - 4*f**2 + 4. Let w be x(4). Suppose -122 = -w*m - 10. List the prime factors of m.
2, 7
Let h be 0 + 11 + 0/1. Let g = 19 - h. List the prime factors of g.
2
Suppose 602 = 3*p - 199. List the prime factors of p.
3, 89
Let y(v) = -v - 1. Let l(f) = -2*f - 2. Let o(j) = 6*l(j) - 13*y(j). List the prime factors of o(11).
2, 3
Suppose 3*r - 8*r = 0. Suppose 3*j - j = -2*a + 4, r = -5*a + j + 40. What are the prime factors of a?
7
Let c be 1 - 2*(-1)/(-2). Let d be (3 + 5)/(-1 + c). Let w(b) = b**2 + 7*b + 9. List the prime factors of w(d).
17
Suppose 715 = 2*x + 3*x. Suppose -4*j + 17 + x = 0. What are the prime factors of j?
2, 5
Let v(h) = h**3 - 3*h**2 + 3*h - 2. Let x = 1 + -1. Suppose 4*i + 4*n = 0, -3*n + 0*n - 9 = x. List the prime factors of v(i).
7
Let k = -92 + 146. Suppose 4*t + k = 2*b, 2*t + t = -b + 37. List the prime factors of b.
31
Let g be (-12)/(-54) + (-16)/(-9). Suppose -g*p + 45 = -35. List the prime factors of p.
2, 5
Let z(u) = -5 + 2*u - 3 + 2. List the prime factors of z(7).
2
What are the prime factors of -125*-3*8/60?
2, 5
Suppose b - 4*b = -90. What are the prime factors of b?
2, 3, 5
Suppose -3*j + 3*x = -8*j + 195, -2*x = 10. What are the prime factors of j?
2, 3, 7
Let n(f) = 60*f - 3. List the prime factors of n(3).
3, 59
Suppose -69 + 1581 = 9*s. What are the prime factors of s?
2, 3, 7
Let h = -40 - -48. What are the prime factors of h?
2
Let a(k) be the third derivative of -k**6/120 - k**5/60 + k**4/24 + 11*k**3/3 + 2*k**2. List the prime factors of a(0).
2, 11
Let i = 1 - 3. Let c = 2 + i. Suppose 6 = -3*k - n + 46, -n - 5 = c. List the prime factors of k.
3, 5
Let b(n) = 3*n**2 + 5*n - 1 - n**2 - 2*n**2 - n**2. Let h be b(5). What are the prime factors of h/(-6)*4*3?
2
Let u be -2 - (14 + (-2 - -1)). What are the prime factors of (5/u)/((-1)/39)?
13
Let k(b) = 9*b**2 - b + 1. Suppose 0*n - 4*n = -4. Let a be k(n). Let u(y) = -y**2 + 11*y - 4. List the prime factors of u(a).
2, 7
Suppose 4*g = 4*f + g + 3, -4*f + 27 = 3*g. L